hat is the highest common factor of 4511 and 3991?
13
What is the greatest common factor of 31114 and 11254?
662
What is the greatest common factor of 10544 and 184?
8
What is the greatest common factor of 301 and 232673?
301
Calculate the greatest common factor of 12 and 24584.
4
Calculate the highest common factor of 118 and 554954.
118
What is the greatest common divisor of 63285 and 30?
15
What is the highest common divisor of 468 and 15522?
78
Calculate the highest common factor of 3933 and 95.
19
Calculate the greatest common factor of 1219 and 16008.
23
What is the greatest common factor of 1760 and 190388?
44
What is the highest common divisor of 45606 and 42?
6
What is the highest common divisor of 2734496 and 48?
16
Calculate the greatest common divisor of 14288 and 18048.
752
Calculate the highest common divisor of 199268 and 12.
4
Calculate the greatest common divisor of 1769280 and 95.
95
What is the greatest common factor of 952 and 835142?
238
Calculate the highest common factor of 2582786 and 446.
446
Calculate the greatest common factor of 38 and 3098.
2
What is the greatest common factor of 130 and 17194190?
130
Calculate the highest common divisor of 41 and 2542.
41
Calculate the greatest common divisor of 2403045 and 90.
45
What is the greatest common factor of 24449 and 184?
23
What is the highest common divisor of 368 and 343988?
92
Calculate the highest common divisor of 50769 and 792.
9
Calculate the greatest common divisor of 13335 and 280.
35
What is the greatest common factor of 189141 and 201?
201
What is the highest common factor of 182 and 502411?
91
Calculate the greatest common factor of 320 and 11630.
10
Calculate the greatest common factor of 143 and 171821.
13
What is the greatest common factor of 204618 and 1273?
67
Calculate the greatest common factor of 1309 and 161.
7
What is the highest common divisor of 707 and 4291?
7
Calculate the highest common factor of 335 and 68943.
67
What is the highest common factor of 1 and 58955?
1
Calculate the greatest common factor of 693 and 4311.
9
Calculate the highest common divisor of 4098789 and 354.
177
Calculate the greatest common factor of 65 and 99970.
65
Calculate the greatest common divisor of 2891 and 12593.
49
Calculate the greatest common divisor of 165963 and 784.
49
What is the highest common divisor of 11105 and 25?
5
Calculate the highest common factor of 1829 and 2537.
59
Calculate the highest common factor of 910 and 301574.
182
What is the highest common divisor of 585 and 1745185?
65
Calculate the highest common factor of 102 and 317934.
102
What is the greatest common factor of 492338 and 22?
22
What is the highest common divisor of 924288 and 116?
116
Calculate the highest common divisor of 417528 and 216.
216
Calculate the highest common factor of 8 and 174080.
8
Calculate the greatest common factor of 352 and 1140128.
352
What is the greatest common divisor of 1972 and 136?
68
What is the highest common factor of 10546 and 6?
2
Calculate the greatest common divisor of 3465 and 22365.
315
What is the greatest common factor of 147 and 1473927?
21
What is the highest common divisor of 161 and 102571?
7
Calculate the highest common factor of 227516 and 1104.
92
What is the greatest common divisor of 6 and 1033278?
6
What is the highest common divisor of 38514 and 2352?
294
What is the greatest common factor of 96 and 23720?
8
Calculate the highest common divisor of 76566 and 96.
6
What is the greatest common divisor of 411 and 8841?
3
What is the greatest common divisor of 1170 and 172224?
234
Calculate the greatest common divisor of 91 and 427973.
91
What is the greatest common factor of 205770 and 10?
10
What is the highest common divisor of 667 and 1794?
23
Calculate the highest common factor of 895 and 1005085.
895
Calculate the greatest common divisor of 4172 and 35532.
28
What is the greatest common factor of 172270 and 5350?
1070
What is the greatest common divisor of 9605 and 1830713?
1921
Calculate the greatest common factor of 1624 and 45269.
203
Calculate the highest common divisor of 79 and 749789.
79
Calculate the greatest common divisor of 38930 and 1615.
85
What is the highest common divisor of 1176 and 576632?
392
Calculate the greatest common divisor of 310421 and 212.
53
Calculate the greatest common divisor of 13209 and 952.
119
What is the highest common divisor of 70 and 4405?
5
Calculate the highest common factor of 40 and 33610.
10
Calculate the highest common divisor of 54 and 124983.
27
Calculate the highest common divisor of 87600 and 40000.
400
What is the highest common divisor of 969 and 49589?
17
Calculate the highest common divisor of 5675 and 5221.
227
What is the greatest common divisor of 3282 and 18?
6
Calculate the highest common divisor of 175 and 3744475.
175
Calculate the greatest common divisor of 14520 and 300.
60
What is the greatest common factor of 449705 and 530?
265
Calculate the greatest common factor of 4980 and 433560.
60
Calculate the greatest common divisor of 39498 and 232902.
1362
What is the greatest common divisor of 1776888 and 555?
111
What is the greatest common factor of 3090 and 1290?
30
What is the highest common divisor of 36 and 69210?
18
What is the greatest common divisor of 710 and 454045?
355
Calculate the greatest common divisor of 15 and 12612.
3
What is the highest common divisor of 6424 and 524?
4
Calculate the greatest common factor of 3389850 and 27.
27
Calculate the highest common factor of 34618 and 342.
38
Calculate the greatest common divisor of 48 and 110676.
12
Calculate the highest common divisor of 3522 and 60.
6
Calculate the highest common factor of 263238 and 7008.
438
Calculate the greatest common divisor of 77312 and 302.
302
Calculate the highest common factor of 3922 and 22718.
74
Calculate the greatest common factor of 730054 and 26.
26
Calculate the greatest common factor of 7983874 and 116.
58
Calculate the highest common divisor of 51 and 8823.
51
Calculate the greatest common divisor of 7587 and 7025.
281
What is the greatest common factor of 1049 and 3?
1
What is the greatest common divisor of 1206752 and 1548?
172
Calculate the highest common factor of 35478 and 225504.
486
What is the greatest common divisor of 1892 and 21156?
172
What is the highest common divisor of 7564 and 2294?
62
What is the greatest common divisor of 90060 and 28?
4
What is the highest common divisor of 135 and 2562489?
27
Calculate the greatest common factor of 880 and 5072.
16
Calculate the greatest common divisor of 6426 and 37422.
378
Calculate the highest common divisor of 1180 and 136526.
118
Calculate the highest common divisor of 35 and 84880.
5
What is the highest common divisor of 189 and 1550772?
27
Calculate the highest common divisor of 111815 and 20009.
1177
Calculate the highest common factor of 10 and 11881790.
10
What is the highest common factor of 92712 and 48?
24
What is the highest common factor of 88137 and 819?
63
Calculate the highest common factor of 640 and 56920.
40
Calculate the highest common factor of 1705 and 1595.
55
What is the greatest common divisor of 50 and 95650?
50
Calculate the greatest common factor of 108 and 201312.
108
Calculate the highest common divisor of 57672 and 8856.
216
Calculate the highest common divisor of 248 and 333591.
31
What is the greatest common factor of 40020 and 42090?
690
Calculate the highest common factor of 1350026 and 38.
38
What is the greatest common divisor of 392 and 642656?
56
Calculate the highest common divisor of 2678 and 135902.
26
Calculate the highest common divisor of 288 and 11808.
288
What is the highest common divisor of 1083840 and 4320?
480
What is the highest common factor of 32805 and 30?
15
Calculate the greatest common divisor of 352 and 1696.
32
Calculate the highest common factor of 17 and 14737674.
17
Calculate the greatest common factor of 42 and 14392.
14
What is the highest common factor of 4020 and 66?
6
Calculate the highest common factor of 4 and 45692.
4
Calculate the greatest common divisor of 329 and 21.
7
What is the greatest common factor of 234039 and 78?
39
What is the greatest common divisor of 194 and 2619?
97
Calculate the highest common factor of 7230 and 60.
30
What 